e 8) in base 13?
-62306
-110023231021 (base 4) to base 3
-100221210122111
What is -112387 (base 13) in base 14?
-a7790
What is -4023403434 (base 5) in base 13?
-1881481
-76ab (base 15) to base 12
-12668
What is -11110100110101100 (base 2) in base 7?
-1031320
-42a211 (base 12) to base 10
-1054381
272a7 (base 11) to base 16
982e
-22021012010 (base 3) to base 11
-101274
81726b (base 16) to base 5
4132432220
-3015689 (base 10) to base 2
-1011100000010000001001
What is -3603916 (base 10) in base 2?
-1101101111110111001100
Convert 1420542 (base 7) to base 9.
318510
What is 3bb6 (base 12) in base 10?
6906
-d5152 (base 16) to base 6
-30412402
What is -12211201101 (base 3) in base 5?
-12134401
Convert 3033121302 (base 4) to base 15.
11ba9c
-574c2 (base 13) to base 3
-22002010120
Convert -212712 (base 9) to base 2.
-11110111011100111
Convert -a0634 (base 11) to base 9.
-243785
Convert -3aa83 (base 12) to base 10.
-81027
What is -30215266 (base 7) in base 10?
-2508505
What is 12321323 (base 7) in base 16?
1101cb
What is -a9b67 (base 12) in base 16?
-36d3f
What is 2324329 (base 10) in base 13?
634c57
Convert -1110000001110101111010 (base 2) to base 13.
-9b9b95
What is -291214 (base 10) in base 6?
-10124114
What is -1000010011010100011 (base 2) in base 5?
-32201120
Convert 100210332 (base 4) to base 7.
401652
Convert -3574d (base 15) to base 16.
-2999e
What is -a24270 (base 12) in base 10?
-2537076
Convert -2e33 (base 16) to base 9.
-17201
Convert -323640 (base 11) to base 6.
-15030234
What is -740119 (base 10) in base 11?
-466076
Convert 8232215 (base 9) to base 4.
100300000133
What is -351563 (base 11) in base 10?
-558363
Convert 23321144 (base 5) to base 14.
57d64
What is -1a2dc (base 14) in base 5?
-4111232
Convert 826851 (base 9) to base 13.
1423b1
What is 3b34f5 (base 16) in base 12?
1371585
-a41c9 (base 13) to base 5
-33412412
Convert 8041a (base 12) to base 5.
20311421
Convert -14432112 (base 6) to base 9.
-844578
Convert 3613b (base 16) to base 3.
102020211200
Convert -210102121102 (base 3) to base 5.
-101444210
Convert 5a86a (base 11) to base 3.
11110002221
Convert 413433334 (base 5) to base 16.
19f9c8
442451 (base 9) to base 4
1000201030
What is -120044421 (base 6) in base 13?
-608218
Convert -2004413 (base 8) to base 15.
-a606d
Convert -2030110202 (base 4) to base 2.
-10001100010100100010
-120020202000 (base 3) to base 7
-2360046
7674513 (base 8) to base 4
13313211023
9d0de (base 16) to base 9
1180381
-10100100110010001111 (base 2) to base 8
-2446217
-123101310 (base 4) to base 11
-76a45
-20030203123 (base 4) to base 13
-5a2c59
11110100110010000000 (base 2) to base 15
14c119
-26913 (base 13) to base 8
-214241
What is -3475506 (base 8) in base 3?
-1210012212110
54250547 (base 8) to base 15
1048291
What is -5e7c2 (base 15) in base 8?
-1116064
What is 30210220 (base 4) in base 15?
103d1
21001431 (base 5) to base 15
35ee6
-588369 (base 11) to base 6
-32001341
What is -1022110210111 (base 3) in base 5?
-134320413
What is -2322300 (base 4) in base 12?
-6b00
Convert -45946 (base 11) to base 12.
-3249a
Convert 10704 (base 14) to base 5.
2233132
8615914 (base 10) to base 2
100000110111011111101010
-1050151 (base 7) to base 14
-353d1
What is 939240 (base 16) in base 5?
4433434412
What is 124002302 (base 5) in base 6?
21022410
What is -1898424 (base 10) in base 11?
-1087350
Convert -1072937 (base 14) to base 10.
-7805749
What is -101000000011101001 (base 2) in base 11?
-1022a8
What is 20c835 (base 13) in base 9?
1403640
Convert -20020221011102 (base 3) to base 5.
-1322400323
307172 (base 8) to base 15
2035a
What is b43909 (base 12) in base 6?
140330013
What is -30220430 (base 6) in base 7?
-10202535
Convert 301112010113 (base 4) to base 10.
12935447
Convert -100000011101111100 (base 2) to base 3.
-20202102111
468ad (base 15) to base 13
7b388
Convert -1915483 (base 10) to base 6.
-105015551
Convert 42154 (base 9) to base 4.
12302320
What is 21223400 (base 5) in base 15?
38450
Convert a8c18 (base 15) to base 11.
336759
What is -1a971 (base 12) in base 3?
-2000001011
Convert 233121013 (base 4) to base 5.
22202434
31510603 (base 7) to base 15
37c8e1
What is -a3b4c (base 14) in base 9?
-661272
Convert -1075026 (base 8) to base 11.
-190486
Convert -110100110011100010101 (base 2) to base 14.
-330829
What is 24403303 (base 6) in base 2?
10111110000001110111
-886659 (base 10) to base 14
-1911ab
What is -1098a5 (base 12) in base 11?
-171660
-46528 (base 9) to base 5
-1443144
Convert 11201210102 (base 3) to base 14.
25d45
Convert -416632 (base 8) to base 14.
-38758
-27c364 (base 13) to base 8
-3545372
Convert 22102101012 (base 3) to base 15.
341a8
Convert -11100110220101 (base 3) to base 2.
-1000110100100001111101
What is -c9e34 (base 15) in base 8?
-2344062
56585 (base 12) to base 3
12211120102
4a04aa (base 11) to base 2
11000001001010110010
Convert 2452260 (base 7) to base 13.
b0703
What is -501719 (base 11) in base 4?
-3011020131
What is 11751545 (base 9) in base 12?
1b1a405
-3213301322 (base 5) to base 10
-6775212
11050616 (base 8) to base 15
320384
What is 33348 (base 10) in base 15?
9d33
-321231013 (base 4) to base 2
-111001101101000111
What is 140300220 (base 5) in base 16?
adf70
What is -1100022020111 (base 3) in base 13?
-1c034b
13c5942 (base 14) to base 2
100100101100100001010110
What is 7b09b (base 16) in base 3?
221121022022
Convert 137917 (base 11) to base 10.
215398
What is -82a88 (base 13) in base 6?
-5010300
What is -21200012020 (base 3) in base 12?
-734b0
Convert -4041221 (base 5) to base 2.
-1111111010100010
Convert 33301051 (base 6) to base 9.
1788304
Convert 66b817 (base 12) to base 4.
12033303103
What is 4223 (base 13) in base 2?
10001111000011
What is -1010100111001010010000 (base 2) in base 12?
-b21a40
What is 12111122120112 (base 3) in base 13?
7b59cc
-114003341 (base 6) to base 10
-2146957
What is 53063 (base 8) in base 11?
15641
-30301030 (base 4) to base 5
-3133200
Convert -475e0 (base 15) to base 9.
-376013
-16124556 (base 8) to base 12
-12b0b52
Convert -40213443 (base 5) to base 10.
-319873
What is 3544d (base 14) in base 3?
20121002012
-11515112 (base 6) to base 9
-620578
10111001111111011011001 (base 2) to base 13
135505a
Convert 73421 (base 13) to base 11.
131763
Convert -cc4c3 (base 15) to base 7.
-5342241
284354 (base 11) to base 6
13312024
Convert -11102210100 (base 3) to base 11.
-5a679
Convert 11138c (base 13) to base 9.
673325
Convert 111110011010001100 (base 2) to base 5.
31140003
What is 131121021 (base 4) in base 6?
2325213
Convert -23233112 (base 5) to base 11.
-135026
4322313 (base 5) to base 15
16b73
-5212420 (base 7) to base 2
-10011000101000000100
Convert -11202301220 (base 4) to base 10.
-1453160
-1125064 (base 7) to base 15
-2bbb4
Convert 133105 (base 7) to base 9.
37371
11000010100011 (base 2) to base 4
3002203
Convert 12442552 (base 6) to base 9.
684585
-222a8 (base 11) to base 4
-13320300
-12020210121 (base 3) to base 5
-11301442
Convert -6b803 (base 15) to base 9.
-572053
-1713570 (base 11) to base 6
-142314202
-111101101100101000 (base 2) to base 3
-110211122201
What is 756550 (base 11) in base 5?
302143313
Convert -12012121212 (base 4) to base 10.
-1599078
Convert 2070387 (base 11) to base 16.
37a273
11034421 (base 5) to base 7
550400
What is -82584 (base 12) in base 15?
-35644
17536633 (base 8) to base 3
21201220021211
Convert 10001000100001100110111 (base 2) to base 3.
22102021200221
Convert -299a30 (base 11) to base 2.
-1110010000010010101
What is 3406aa2 (base 11) in base 16?
5b1143
Convert 220421031 (base 6) to base 4.
33011012023
What is 1011011022212 (base 3) in base 13?
186221
Convert 2112002010112 (base 3) to base 16.
14725d
-4366541 (base 7) to base 8
-2032233
-4601862 (base 12) to base 6
-1200021402
Convert -1532141 (base 8) to base 3.
-211022201211
-1122053 (base 7) to base 8
-421316
What is -714c94 (base 14) in base 13?
-a3828b
What is 100216235 (base 7) in base 3?
101220211012212
What is -81e1c (base 15) in base 2?
-1100100011110100000
Convert 639029 (base 10) to base 9.
1173522
What is -1220142 (base 5) in base 11?
-16456
What is -8192868 (base 10) in base 15?
-abc7b3
1736c (base 13) to base 14
12333
5b380 (base 12) to base 5
12420331
What is c7e37 (base 16) in base 9?
1477084
What is 43414512